4) + (4 + -9 - -1)
-1
What is the value of -2 - (-8 + -4 + 4 + 16)?
-10
1 + (-4 + -1 - -1)
-3
Evaluate -4 - ((-2 - (-3 + -2)) + -2).
-5
What is 11 + -17 - (-2 - -4 - 9)?
1
Evaluate (-14 - -8) + 0 + 1.
-5
Evaluate -2 + (7 - 6) + -4.
-5
What is 10 + -6 + (-2 - (2 + -3))?
3
(4 + -6 - (-1 + -1)) + 2
2
3 - (3 + -4 + 3)
1
Calculate (-3 - (-5 + -6)) + (2 - 1).
9
Calculate (4 - ((6 - -9) + -6)) + 4.
-1
Calculate -2 - (4 - 8 - -3 - 0).
-1
Evaluate 0 + 2 - 5 - -8.
5
What is 4 - (-2 + 12 - 3)?
-3
Evaluate -3 - ((0 - 5) + (1 - -4)).
-3
Calculate -7 + (-4 - -4) + 7.
0
What is the value of 5 + (6 - 12) + -3?
-4
Calculate -1 + -12 - (-105 - -98).
-6
What is the value of -7 - -6 - (0 + -4)?
3
2 - (3 + -1) - 4 - -4
0
-6 + 6 + (-6 - -6) + 3
3
What is 2 + (7 - 0) + -7?
2
(-5 - 2 - -7) + -1
-1
What is 3 - (20 - (-5 + 15))?
-7
0 + 5 + (-65 - -56)
-4
What is -5 + 0 - (0 + -3)?
-2
Evaluate 0 - (-3 + 2 + 1 - 2).
2
What is the value of -3 + -6 - (-27 - -12)?
6
2 + -3 + 3 + 3
5
What is the value of (6 - 4) + (-2 - (0 + 0))?
0
What is the value of 4 + 1 + -3 + -1?
1
-14 - (12 - (7 - -8))
-11
What is the value of -1 + 5 + (-2 - -4) - -4?
10
Evaluate (5 - (-1 + 3)) + 2.
5
What is 2 + 2 - (-93 - -98)?
-1
Evaluate (-6 - 3) + (-4 - -11).
-2
Calculate -1 - ((-16 - -9) + 9).
-3
Evaluate -9 + 1 + (4 - 3) + 1.
-6
Evaluate 6 + (-13 - -6) + 0 + 2.
1
Evaluate 3 + -5 + 1 + -2 - -1.
-2
Calculate (-21 - -20) + (1 - 1) + 2.
1
(9 - 4) + -6 - 10
-11
What is (0 - (-2 - -1)) + -1 + 4?
4
(5 - (8 + 0 + -4)) + 4
5
What is 9 + -5 - (5 + -4)?
3
What is the value of -2 + 0 + 17 + -13 - -1?
3
Evaluate 4 + (4 + -5 - -2).
5
What is 5 + -14 + 8 - (2 + -7)?
4
-12 + (3 - 1) + 88 + -87
-9
Calculate (1 - (2 + -6)) + -8 + 1.
-2
-1 + (2 + 0 - 4)
-3
What is 9 + -5 + -3 - 2?
-1
What is 3 + (-8 - (1 + -3 + -2))?
-1
Evaluate (1 - 3 - -3) + -14 + 14.
1
Calculate -4 + (2 + -1 - (1 - 2)).
-2
Calculate 11 - (-1 - -3 - -14).
-5
(4 - (3 - 0)) + -1
0
Calculate (1 - 2) + (37 - 40).
-4
-7 + -4 + -8 + 14
-5
Calculate -13 + 5 + 11 - 2.
1
Calculate -1 - (-2 - -1) - -2.
2
Calculate 2 + -6 - (-4 + -5 - -2).
3
What is (-16 - -9 - -5) + 2?
0
Evaluate (-1 - 3) + (0 - -9).
5
What is (-1 - -1) + 6 + -7 + 4?
3
3 - 3 - (11 + -5)
-6
What is the value of (-126 - -147) + (-13 - 0)?
8
What is -3 - (-1 + (-5 - -1 - -4))?
-2
Calculate 2 + (5 + -13 - 1) - -1.
-6
Calculate (-3 - (3 - 6) - -2) + -4.
-2
What is (0 - 2) + (-5 - 0)?
-7
-5 - (-3 + 0 + -4)
2
What is the value of (-4 - -2) + 5 - (96 - 87)?
-6
Calculate 5 + (1 + -14 - -3).
-5
Calculate -19 + 13 + -1 + -4 + 5.
-6
Evaluate (56 - 63) + 3 + 1.
-3
Calculate 141 + -134 + 3 + -1.
9
Calculate -3 + -9 + (11 - -11).
10
What is -2 - -5 - (3 - 1)?
1
Calculate 0 - (-3 + 6 - 0).
-3
What is (4 - 8) + 0 - -5?
1
-6 + (-7 - -3 - -6) - 0
-4
What is -9 + (8 - 7) + 11?
3
1 - ((6 - 1) + 2 + -5)
-1
What is -5 + 2 + -1 + 4?
0
What is the value of 9 + (-1 + 4 - (21 - 18))?
9
Calculate 1 + (-6 - -1) + 0 + -2.
-6
What is -1 - (2 - 4) - (1 - 3)?
3
Evaluate (1 - (10 + 5 + -10)) + 3.
-1
-1 + 8 + (1 - 1) - 3
4
Calculate (0 - -8) + (-23 - -19).
4
Evaluate -4 + (1 - 3) + (2 - -1).
-3
Calculate (-5 - -2) + (-7 - -12).
2
What is -2 - (-4 - 0) - 7?
-5
What is 3 - -1 - (-4 + 4 - -4)?
0
What is -4 - (6 - (19 + -7))?
2
What is 4 + (-5 - (4 + -3 + 2))?
-4
What is the value of (2 - -1) + -6 + (6 - 6)?
-3
Evaluate -5 + 1 + 5 + -5 + 1.
-3
What is the value of (0 + 0 - -18) + 3 + -11?
10
What is 1 + 0 + (-10 + -3 - -6)?
-6
Evaluate -8 - -14 - (0 - -2).
4
What is the value of 2 + (-4 - -2) - (-21 + 17)?
4
What is -3 + -1 + (8 - 3)?
1
What is the value of 4 + 0 + (-6 - -4)?
2
Evaluate 0 + 10 - (4 - (2 - 5)).
3
-8 + (-1 - -9 - -4)
4
(6 - 11) + 6 + -7 - -6
0
What is -5 + 5 + (-3 - 1)?
-4
Calculate -2 + 0 + (-1 - -10) - 2.
5
What is the value of (6 - (8 + -5)) + -2?
1
Evaluate 6 + 4 + -3 + -4 - 8.
-5
What is -7 + (16 - 6) + 7?
10
2 + -21 - -11 - (-8 - 0)
0
Evaluate -2 + 3 + -7 + (0 - 0).
-6
1 - ((2 - 1) + -2 + 2)
0
What is (-5 - 0) + 1 + 0?
-4
What is the value of 3 + 0 + (4 - 6)?
1
What is the value of -3 - (-15 - -7) - (-2 - -5)?
2
Calculate -2 + (-1 - (-7 + 4)) + -1.
-1
(9 - 28) + 10 + 11
2
Calculate -2 + (10 - 16) + 14.
6
Evaluate -5 + (3 + -3 - -1).
-4
Evaluate 1 + (-5 - (1 - -1 - 1)).
-5
What is the value of (7 - 2) + -3 + 14 + -8?
8
Evaluate (10 - 7) + -3 + 1.
1
What is the value of 2 - (-4 - -5 - 2)?
3
What is (-7 - (-1 + 4 - 17)) + 1?
8
Evaluate 2 + (-2 - (-6 + 3)).
3
Calculate -7 + 14 + 3 + -5.
5
What is 1 - -1 - (-74 - -86)?
-10
What is 1 + 0 + -4 + 1 + 5?
3
Calculate -1 + -1 + (3 - 4) + -2.
-5
Calculate 7 + -1 + -13 + 2 - 2.
-7
What is -2 - -1 - (2 + (2 - 5))?
0
Calculate -4 + -4 + (0 + 4 - -4).
0
What is (1 - -1) + (-5 - (0 + -3))?
0
What is the value of 1 + -2 + 3 + -9?
-7
Calculate (-6 - (-12 - -5)) + 3 + 1.
5
Calculate (0 - -4 - 0) + -3.
1
Evaluate -8 - ((-9 - -6) + -9).
4
0 - -8 - (2 + -1 + 5)
2
What is the value of (-6 - -2) + (6 - -2)?
4
What is the value of (-7 - -8) + -6 + 4?
-1
Evaluate -6 + 12 + -9 + 2.
-1
4 + -3 - -7 - 6
2
What is 5 - ((1 - 0) + 0)?
4
(-4 + 1 + 4 - 1) + -1
-1
Calculate 5 - (5 - (0 + (1 - -3))).
4
What is 0 + 8 + -8 - -3?
3
-3 + 1 + 10 + -5
3
What is the value of (-2 - (2 - -4)) + (35 - 27)?
0
Evaluate 3 + (-3 - 1) + 27 + -26.
0
Evaluate 5 - (5 + (7 - 12)).
5
What is the value of 1 - 1 - -2 - (18 + -20)?
4
(1 - (5 - 7)) + -3 - -2
2
What is 2 + -1 - (-2 + 4 - 2)?
1
Calculate 1 + -6 + (-3 - (-2 + 0)).
-6
Evaluate -13 + 1 + (-77 - -75) - -5.
-9
Evaluate -6 + -3 + 19 + -1.
9
What is the value of (-15 - -8) + (3 - 2)?
-6
Calculate (0 + -8 - -19) + -8.
3
What is 4 + (3 + -4 - (-2 - -2))?
3
Evaluate -2 + 2 + (-1 - -6) + -2.
3
What is the value of 3 + -8 + 17 + -4?
8
What is the value of 8 - (3 + (-4 - 2) + 4)?
7
What is -3 + 0 - (6 + -4 - 6)?
1
Calculate (31 - 31) + (1 - 4) + -4.
-7
What is the value of 3 - 1 - 14 - (-59 - -53)?
-6
(-5 - 0 - (0 - 10)) + 3
8
What is the value of -3 - (-11 + 5 + 4)?
-1
16 + -13 - (-2 - (-2 - 8))
-5
Evaluate (-1 - (12 + -1) - -5) + 3.
-4
Calculate 9 + -6 + -8 + 4 - 1.
-2
What is -1 + -2 + -5 + 4 - -3?
-1
What is 4 + (1 - 5) + 10 + -9?
1
0 + -14 - -13 - 3
-4
What is the value of (-1 - -7) + (-28 - -26)?
4
What is the value of 4 + -13 + 6 + 2?
-1
What is the value of 13 - (13 - 0) - (3 - 11)?
8
2 + -1 + 13 - 15
-1
What is the value of -1 + -1 - (0 - (5 - -2))?
5
Evaluate (-5 - (-3 + -3)) + -7.
-6
What is the value of 3 - (3 - (-1 + 3 + -3))?
-1
2 + -5 - 0 - (0 + -3)
0
Calculate -3 + 1 + 1 - (3 - 2).
-2
Calculate -3 + -2 - (-108 + 100).
3
What is the value of 2 + 2 - ((-6 - -6) + 0)?
4
What is the value of 6 + ((3 - 0) + 0 - 11)?
-2
Calculate (-4 - -2) + -1 - (4 + -2).
-5
What is the value of -1 + -10 + 9 + -3 + -1?
-6
(8 - 8) + (0 - (3 + 0))
-3
Evaluate 22 - 28 - (-1 + 1 + -1).
-5
What is the value of 0 + 2 + (1 - 3) + 1?
1
What is (-2 - 1) + (16 - 9)?
4
Evaluate 4 + -1 + (-2 - 3) + 6.
4
-2 - (0 - 0) - 3
-5
(0 - (8 - 5)) + 2 - -1
0
-1 - -7 - (-12 + 18 - -2)
-2
What is the value of 2 - 0 - 4 - 1?
-3
Evaluate -14 + 13 - (-3 - (1 - 4)).
-1
What is the value of (4 - 11) + (7 - 1)?
-1
What is -5 + 9 + 0 + -5?
-1
3 + 0 + (-3 - 1 - 0)
-1
2 + -4 + 4 + 0
2
What is -7 + 6 + 0 + 2?
1
Evaluate (-4 - -1) + 0 + 0.
-3
Evaluate 0 + 1 + (5 - 6) - -1.
1
Evaluate 1 - (0 + 1 - -4).
-4
Evaluate (8 - (13 + -6)) + 3 + -2.
2
Calculate 0 - (-4 + -1 + 3).
2
What is -29 - -22 - (-4 - (-1 - 1))?
-5
Evaluate 0 + (0 - (-2 + 2) - 0).
0
Calculate 3 - -2 - (-2 + -17 - -16).
8
What is 3 + 3 + -11 - -6?
1
What is the value of 6 - ((14 - (6 - 0)) + 8)?
-10
Calculate -7 - -7 - (0 + -4).
4
What is 7 + -3 + -4 - -3?
3
What is 1 - ((2 + -2 - 3) + 3)?
1
Calculate -9 - ((-5 - 3) + (-9 - -13)).
-5
What is the value of -1 + (-8 - -2) + 7?
0
What is 12 - 13 - -8 - 3?
4
What is -5 + (4 - (-7 - 2)) - 3?
5
What is the value of (-5 - -4 - (-2 - 9)) + -5?
5
Evaluate -7 - (-10 - -18 - (4 + 2)).
-9
Evaluate -5 + -16 + 10 + 12.
1
What is -8 - (-7 - (-1 + -2))?
-4
-4 + (-3 + 6 - 2)
-3
What is -2 - 0 - (4 - 1 - 1)?
-4
What is (-1 - 1 - (15 + -19)) + -2?
0
Calculate -6 - (9 - 6) - -6.
-3
Calculate (-4 + 3 - -8) + 1.
8
What is the value of (-6 - 0) + (0 - 5) + 10?
-1
What is (5 - (2 - 2 - -4)) + -3?
-2
(-2 - -2) + 2 + (-32 - -27)
-3
-8 + 8 + 5 + -4
1
What is -1 + 1 + -2 + 0 - -2?
0
Calculate 4 + -2 + 4 - 4 - 6.
-4
7 